38 - 215. What is the thousands digit of b?
1
Let b be (-4)/(-18) + (-34)/(-27)*-24. Let h = b - -168. What is the hundreds digit of h?
1
Suppose -7*y + 119098 = 40*y. What is the hundreds digit of y?
5
Let z(q) = -q**2 - 4*q - 6. Let m be z(-4). Let k = 6 + m. Suppose k*b + 2*b - 2*f = 10, 5*b = f + 21. What is the units digit of b?
4
Let p(k) = k**3 + 15*k**2 - 18*k - 1. Let d(i) = i**2 + i - 1. Let y(n) = -14*n - 1. Let z(g) = -d(g) + y(g). Let a be z(-16). What is the tens digit of p(a)?
3
Suppose -5865 = -3*v - 14*v. What is the tens digit of v?
4
Suppose 12 = 2*q + 4*o, -2*q + 3*q - 4*o + 6 = 0. Let b(t) = t**2 + q*t**2 + 2 - t - 2*t**2 - t. What is the tens digit of b(-4)?
2
Suppose 3*w - 84 = -v - 4*v, 28 = w + 5*v. Let l be w/(-12)*(-3 + 0). Suppose 0 = -l*t + 3*t + 148. What is the units digit of t?
7
Let o(t) = -9*t - 1. Let a be -1 + (-3)/(1 + -2). Suppose -a*q - q - 9 = 0. What is the tens digit of o(q)?
2
Suppose -4*w = y + 2, 0 + 4 = -4*w. Let t(j) = 2*j**3 - 2*j**2 - 3*j + 3. Let f be t(y). Suppose 9 = -f*b + 2*b, 2*b = z - 12. What is the units digit of z?
6
Let x(h) = -4*h + 44. What is the units digit of x(9)?
8
Let k(l) = l**2 + l - 3. Let t be k(-3). Suppose -t*f - f + 100 = 0. Suppose -3*v + 32 = -f. What is the tens digit of v?
1
Suppose 7*r = 9*r + 24. Let w = r - 1. Let n = w + 18. What is the units digit of n?
5
Let q = 262 - 260. Suppose 2*g + 7 = 17. Suppose -q*j + g = 3. What is the units digit of j?
1
Suppose 0*w + 4*w = 0. Suppose w = 4*r - 34 + 6. What is the units digit of r?
7
What is the hundreds digit of 75228/90 - (-4)/30?
8
Suppose 6*k - 794 - 3682 = 0. What is the tens digit of k?
4
Suppose -4*k + 8*k - 652 = 0. Let g = k + -91. Suppose 2*f + 5*p - 36 = 0, f + 3*f = -2*p + g. What is the tens digit of f?
1
Let q = 85 + -92. Let p(d) = -33*d - 7. What is the tens digit of p(q)?
2
Suppose -14*w = 9*w - 2599. What is the tens digit of w?
1
Let n be (-9)/45 - (-1 + 93/(-15)). Suppose n*a - 816 = 4*a. What is the tens digit of a?
7
Let s(f) = -f**3 + 5*f**2 + 18*f + 32. Let h be s(-10). Suppose 0 = 42*d - 34*d - h. What is the tens digit of d?
6
Suppose 4*d + 144 = 8*d. Let m = 0 + d. What is the units digit of m?
6
Suppose 6*q + 4*w = 3*q + 899, -5*w = 2*q - 590. What is the tens digit of q?
0
Suppose 348 - 1043 = -b. What is the tens digit of b?
9
Let h(x) = x**2 + 13*x - 23. Suppose t + 3 + 4 = 5*y, 3*y - 3*t = 9. Let n be -17 - (2 - y)/(-1). What is the units digit of h(n)?
5
Suppose 148*k = 153*k - 1105. What is the units digit of k?
1
Let z = -9 - -12. Suppose f - 1 = -z*f - l, -3*f + 6 = -l. Let u = f + 2. What is the units digit of u?
3
Suppose 1559*v = 1563*v - 2236. What is the tens digit of v?
5
Suppose -2*j = o - 3*j - 20, 5*o + 4*j - 109 = 0. Let m be 12/3 + -3 + o. Let t = 63 - m. What is the tens digit of t?
4
Suppose 0*g - 2*u = 2*g - 2, -5*g + 55 = -5*u. Let j(a) = 5*a - 4. Let t(v) = -2*v + 1. Let k(i) = -2*j(i) - 7*t(i). What is the tens digit of k(g)?
2
Suppose -2*h - a = -8201, -4*h - 3*a + 17838 = 1435. What is the hundreds digit of h?
1
Let s(h) = -h**3 + 43*h**2 - 106*h + 89. What is the hundreds digit of s(40)?
6
Let l be ((-32013)/45 + (-6)/10)/1. What is the tens digit of l/(-5) - (-14)/(-35)?
4
Let d(z) = z**2 - 5*z. Let x(w) = -w**3 + 7*w**2 + 7*w + 5. Let n be x(8). Let k = n + 11. What is the units digit of d(k)?
4
Let j be 3/((-2)/(-190)*(-12)/(-4)). What is the units digit of (-12)/(-9)*(j/2 - -2)?
6
Let f = 1136 + -452. What is the units digit of f?
4
Let d = 6879 - 4086. What is the units digit of d?
3
Let z(j) = -j**3 - 17*j**2 + 21*j + 77. What is the thousands digit of z(-21)?
1
Suppose 61*o = 33*o + 14784. What is the tens digit of o?
2
Let i be -7*(-3 + (-261)/(-21)). Let u = 116 + i. What is the tens digit of u?
5
Let a(o) = 13*o + 17 - 4 - 3*o**2 + 3 + 2*o**2. What is the tens digit of a(10)?
4
What is the thousands digit of (43/(-86))/(2/4)*-2797?
2
Let o(g) = 863*g**2 - 3*g. What is the units digit of o(1)?
0
Let c = -752 - -1369. What is the hundreds digit of c?
6
Suppose -3*k = -2664 + 798. What is the hundreds digit of k?
6
Let n be (-2)/((-55)/(-45) + -1). What is the tens digit of n/15 - (-168)/5?
3
Suppose 6*z + 31*z = 43549. What is the tens digit of z?
7
Let t = 53 - 45. Suppose -174 = t*q - 11*q. What is the units digit of q?
8
Let d(o) = -9*o + 116. What is the units digit of d(-22)?
4
Suppose -2*i + 9 = -1. Let v be i/20 + (-19)/(-4). Suppose -36 = -v*w + 9. What is the units digit of w?
9
Let n(q) = 4*q**2 - 3*q. Let g be n(3). Let c(v) = 2*v - 39. Let s be c(19). Let p = g - s. What is the units digit of p?
8
Suppose -6*u = -2*u. Suppose -422 = -3*r - u*r - 5*h, 5*r + 2*h - 716 = 0. What is the tens digit of -1*11/((-44)/r)?
3
Let t = 1575 - 1055. What is the hundreds digit of t?
5
Let q be (-2 + 0)*(-35)/(-10). Let l = -1 - q. What is the units digit of 9/l*(-8)/(-3)?
4
What is the hundreds digit of 48405/40 - 13/104?
2
Suppose 220 = -3*q + q + u, 4*q - 4*u + 432 = 0. Let w = 17 + -10. What is the tens digit of 0 + -1 - q/w?
1
What is the tens digit of 72/324 + 4046/18?
2
Suppose 0 = -0*r + 2*r + 2*h + 2, h + 7 = r. Suppose -y + 8 = r*y. What is the tens digit of y/(-7) + (-720)/(-70)?
1
Suppose -6*l - 73 = -l - f, -4*l = -3*f + 54. What is the units digit of (9 - -3)*(-215)/l?
2
Let h = 10537 + -6439. What is the tens digit of h?
9
Let u(p) = 24*p - 2. Let l be u(1). Let i be (-854)/22 - 4/l. What is the units digit of -1 + -1 + i/(-1)?
7
Let y = 1056 + -589. What is the units digit of y?
7
Let p(w) = 62*w**2 - 5*w - 2. What is the units digit of p(-4)?
0
Suppose 7*a - 12 = 3*a. Suppose -4*l + 2*m + 8 = 0, a*l - l + 4 = -3*m. Suppose -c + 4 = -l. What is the units digit of c?
5
Suppose 2*x = x - 2. What is the tens digit of x/(-13) + (-765)/(-13) + -3?
5
Suppose 3 + 7 = -5*r. Let j(u) = -5*u**3 + 5*u**2 - 1. What is the units digit of j(r)?
9
Let x(v) = v**3 + 55*v**2 - 30*v + 106. What is the units digit of x(-55)?
6
Let i(g) = 17*g**2 + 19*g - 142. What is the hundreds digit of i(6)?
5
Let h = 6 - -2. Suppose 3*o - t = 30, 2*o - t - h - 12 = 0. What is the units digit of 78 - 6*(-5)/o?
1
Let z = 1618 - 4435. What is the tens digit of z/(-54) - (-2*1)/(-12)?
5
Let n(q) = -2*q + 28. What is the units digit of n(-2)?
2
Let b be -324*(14/8 - (2 + 1)). Suppose 5*f + b = 10*f. What is the units digit of f?
1
Let d = 38 - 34. Suppose 0 = d*h - 7*h + 69. What is the tens digit of h?
2
What is the hundreds digit of (0/4 - 1)/((-17)/34901)?
0
Suppose 5*v - 29510 = 16*k, 2*v - 257 - 11547 = 3*k. What is the hundreds digit of v?
9
Let c = -479 - -555. What is the units digit of c?
6
Let x(c) be the third derivative of -c**6/120 - c**5/15 + c**4/3 + c**3 - c**2. Let z be x(-5). What is the tens digit of (-4)/(8/(-6)) - z?
1
Let y(t) = -t**2 - 18*t + 11. Let s be y(-18). Let a(n) be the third derivative of -n**5/60 + 13*n**4/24 + 7*n**3/3 - 2*n**2. What is the units digit of a(s)?
6
Let v(r) = 2*r**2 - 12*r + 1. Let z be v(3). Let t(u) = u**3 + 18*u**2 + 6*u - 27. What is the hundreds digit of t(z)?
1
Suppose 22 = -4*h - 34. Suppose -j = 3*b + 6, -4*j - 2 + 4 = -b. Let s = j - h. What is the units digit of s?
4
Let c(z) = z**2 - 16. Let b be c(0). Let g = b + 29. Suppose 0 = 2*y - g - 15. What is the units digit of y?
4
What is the tens digit of 302/18 + 16/72?
1
Let n(j) = -j**2 + 4*j + 4. Let a be n(0). Suppose -5*i - 138 = -t, -4*i + 418 = a*t - 62. What is the hundreds digit of t?
1
Let g(q) = 5*q**2 + q + 7 + 8*q**3 - 9*q**3 + 8 - 4. What is the units digit of g(5)?
6
What is the hundreds digit of (-18)/(-171) + (33264/(-76))/(-3)?
1
Let v = 8191 - 3042. What is the tens digit of v?
4
Let j(b) = -402*b - 9. Let l be j(-1). Suppose 0 = 2*y - 7*y - t + 649, -3*y + 3*t = -l. What is the units digit of y?
0
Suppose 10*r - 20 = 40. What is the units digit of r?
6
Let p = -300 - -1592. What is the units digit of p?
2
Suppose 5*x + 5*b - b = 6314, -5051 = -4*x - 3*b. What is the thousands digit of x?
1
What is the hundreds digit of 630/60*(-496)/(-3)?
7
Let j(i) = -32*i + 103. What is the hundreds digit of j(-8)?
3
Let a(m) = 5*m**2 + 9*m - 48. What is the units digit of a(8)?
4
Let n be 4/(-1)*19/(-2). Suppose -2*w = 4*t + 52, -2*t - 70 - 34 = 4*w. Let v = w +